{"id":298,"date":"2025-04-01T12:44:33","date_gmt":"2025-04-01T10:44:33","guid":{"rendered":"https:\/\/yahee-project.com\/?page_id=298"},"modified":"2025-10-13T17:59:47","modified_gmt":"2025-10-13T15:59:47","slug":"coconut-survey-2","status":"publish","type":"page","link":"https:\/\/yahee-project.com\/index.php\/fr\/coconut-survey-2\/","title":{"rendered":"L&rsquo;enqu\u00eate CoCoNut"},"content":{"rendered":"\n<div style=\"height:100px\" aria-hidden=\"true\" class=\"wp-block-spacer\"><\/div>\n\n\n\n<h2 class=\"wp-block-heading\"><strong><mark style=\"background-color:rgba(0, 0, 0, 0)\" class=\"has-inline-color has-ast-global-color-1-color\"><strong>Qu&rsquo;est-ce que<\/strong> <strong>l&rsquo;enqu\u00eate<\/strong> <img decoding=\"async\" style=\"width: 150px; vertical-align: middle; margin-bottom: 20px;\" src=\"https:\/\/yahee-project.com\/wp-content\/uploads\/2025\/01\/Coconutv2.png\" alt=\"\">?<\/mark><\/strong><\/h2>\n\n\n\n<p><strong>CoCoNut fait partie du volet YAHEE-OBSERVE<\/strong>, qui vise \u00e0 collecter et \u00e0 analyser des donn\u00e9es sur l&rsquo;environnement alimentaire et l&rsquo;activit\u00e9 physique des jeunes adultes. L&rsquo;enqu\u00eate participative CoCoNut cible <strong>les \u00e9tudiants poursuivant des \u00e9tudes sup\u00e9rieures en France <\/strong>et se concentre sur leurs habitudes en termes de nutrition et d&rsquo;activit\u00e9 physique. L&rsquo;enqu\u00eate CoCoNut a \u00e9t\u00e9 lanc\u00e9e en 2023 \u00e0 l&rsquo;Universit\u00e9 Sorbonne Paris Nord et s&rsquo;\u00e9tend d\u00e9sormais \u00e0 tous les \u00e9tudiants de France. Cette recherche vise \u00e0 mieux comprendre, pour ensuite mieux r\u00e9pondre, aux besoins et aspirations de la communaut\u00e9 \u00e9tudiante dans les domaines de l\u2019alimentation et de l\u2019activit\u00e9 physique, primordiaux dans la vie \u00e9tudiante. L\u2019\u00e9tude CoCoNut permet de r\u00e9aliser un \u00e9tat des lieux des conditions de vie des \u00e9tudiantes et \u00e9tudiants et de conna\u00eetre la diversit\u00e9 des situations \u00e9tudiantes. La participation \u00e0 cette \u00e9tude se fait \u00e0 travers le remplissage de questionnaires 100% en ligne.<\/p>\n\n\n\n<p>L&rsquo;enqu\u00eate CoCoNut est con\u00e7ue par l&rsquo;\u00e9quipe de recherche en \u00e9pid\u00e9miologie nutritionnelle (EREN) bas\u00e9e \u00e0 l\u2019Universit\u00e9 Sorbonne Paris Nord. En 2009, l&rsquo;EREN a lanc\u00e9 la cohorte en ligne NutriNet-Sant\u00e9 dans le but d&rsquo;\u00e9tudier les associations entre la nutrition et la sant\u00e9. \u00c0 ce jour, 180 000 participants ont \u00e9t\u00e9 recrut\u00e9s et remplissent r\u00e9guli\u00e8rement des questionnaires auto-administr\u00e9s portant sur les caract\u00e9ristiques sociod\u00e9mographiques, l&rsquo;\u00e9tat de sant\u00e9, les comportements alimentaires, l&rsquo;activit\u00e9 physique, etc. <strong>Dans le cadre de YAHEE, les participants \u00e0 l&rsquo;enqu\u00eate CoCoNut seront int\u00e9gr\u00e9s en tant que nouvelle sous-cohorte d&rsquo;\u00e9tudiants au sein de NutriNet-Sant\u00e9<\/strong>. Ainsi, les \u00e9tudiants ayant r\u00e9pondu \u00e0 l&rsquo;enqu\u00eate CoCoNut auront la possibilit\u00e9 de r\u00e9pondre \u00e9galement aux questionnaires en ligne de l&rsquo;\u00e9tude NutriNet-Sant\u00e9 s&rsquo;ils le souhaitent.<\/p>\n\n\n\n<hr class=\"wp-block-separator has-alpha-channel-opacity\"\/>\n\n\n\n<h2 class=\"wp-block-heading\"><strong><mark style=\"background-color:rgba(0, 0, 0, 0)\" class=\"has-inline-color has-ast-global-color-1-color\">FAQ<\/mark><\/strong><\/h2>\n\n\n\n<p><strong><mark style=\"background-color: rgba(0, 0, 0, 0);\"><strong><mark style=\"background-color:rgba(0, 0, 0, 0)\" class=\"has-inline-color has-ast-global-color-1-color\">Pourquoi le nom CoCoNut ?<\/mark><\/strong><\/mark><\/strong><\/p>\n\n\n\n<p><strong>CoCoNut<\/strong> signifie \u00ab <strong>CO<\/strong>mprendre les <strong>CO<\/strong>mportements <strong>NUT<\/strong>ritionnels des \u00e9tudiantes et \u00e9tudiants \u00bb, ce qui refl\u00e8te l&rsquo;objectif principal de cette enqu\u00eate : comprendre les habitudes nutritionnelles des \u00e9tudiants.<\/p>\n\n\n\n<p><strong><mark style=\"background-color: rgba(0, 0, 0, 0);\"><strong><mark style=\"background-color:rgba(0, 0, 0, 0)\" class=\"has-inline-color has-ast-global-color-1-color\">Qu&rsquo;est-ce que l&rsquo;enqu\u00eate CoCoNut ?<\/mark><\/strong><\/mark><\/strong><\/p>\n\n\n\n<p>L&rsquo;enqu\u00eate CoCoNut comprend une s\u00e9rie de questionnaires en ligne ciblant les \u00e9tudiants en France afin de recueillir des donn\u00e9es principalement sur leurs habitudes alimentaires et leur activit\u00e9 physique, mais \u00e9galement sur d&rsquo;autres sujets comme la sant\u00e9 mentale.<\/p>\n\n\n\n<p><strong><mark style=\"background-color: rgba(0, 0, 0, 0);\"><strong><mark style=\"background-color:rgba(0, 0, 0, 0)\" class=\"has-inline-color has-ast-global-color-1-color\"><strong>Comment savoir si je peux participer \u00e0 CoCoNut ?<\/strong><\/mark><\/strong><\/mark><\/strong><\/p>\n\n\n\n<p>Pour participer \u00e0 CoCoNut, vous devez \u00eatre inscrit dans un \u00e9tablissement d&rsquo;enseignement sup\u00e9rieur fran\u00e7ais (universit\u00e9s, \u00e9coles d&rsquo;ing\u00e9nieurs, etc.) et avoir au moins 18 ans. Vous n&rsquo;avez pas besoin d&rsquo;\u00eatre citoyen fran\u00e7ais pour participer.<\/p>\n\n\n\n<p><strong><mark style=\"background-color: rgba(0, 0, 0, 0);\"><strong><mark style=\"background-color:rgba(0, 0, 0, 0)\" class=\"has-inline-color has-ast-global-color-1-color\"><strong>Est-ce que c\u2019est gratuit ?<\/strong><\/mark><\/strong><\/mark><\/strong><\/p>\n\n\n\n<p>Oui, la participation \u00e0 l&rsquo;enqu\u00eate est enti\u00e8rement gratuite. CoCoNut fait partie d&rsquo;un projet de recherche public financ\u00e9 par l&rsquo;Union europ\u00e9enne et l&rsquo;Agence Nationale de la Recherche (ANR).<\/p>\n\n\n\n<p><strong><mark style=\"background-color: rgba(0, 0, 0, 0);\"><strong><mark style=\"background-color:rgba(0, 0, 0, 0)\" class=\"has-inline-color has-ast-global-color-1-color\">Est-ce anonyme ?<\/mark><\/strong><\/mark><\/strong><\/p>\n\n\n\n<p>Toutes les informations concernant les participants \u00e0 CoCoNut sont trait\u00e9es avec la plus grande confidentialit\u00e9 par les chercheurs responsables de l&rsquo;\u00e9tude. L&rsquo;anonymat est enti\u00e8rement pr\u00e9serv\u00e9 lors des proc\u00e9dures d&rsquo;analyse des donn\u00e9es.<\/p>\n\n\n\n<p><strong><mark style=\"background-color: rgba(0, 0, 0, 0);\"><strong><mark style=\"background-color:rgba(0, 0, 0, 0)\" class=\"has-inline-color has-ast-global-color-1-color\">Pourquoi devrais-je devenir un participant \u00e0 CoCoNut ?<\/mark><\/strong><\/mark><\/strong><\/p>\n\n\n\n<p>La recherche est une \u00e9tape essentielle pour am\u00e9liorer les habitudes alimentaires et l&rsquo;activit\u00e9 physique des \u00e9tudiants. En participant \u00e0 l&rsquo;enqu\u00eate CoCoNut, vous contribuerez \u00e0 une meilleure compr\u00e9hension des probl\u00e8mes rencontr\u00e9s par les \u00e9tudiants dans leur vie quotidienne. Ces r\u00e9sultats, ainsi que ceux provenant d&rsquo;autres pays, seront ensuite synth\u00e9tis\u00e9s et diffus\u00e9s pour \u00eatre traduits en interventions et politiques aupr\u00e8s des acteurs concern\u00e9s, ayant ainsi un impact sur la sant\u00e9 et le bien-\u00eatre des \u00e9tudiants.<\/p>\n\n\n\n<p><strong><mark style=\"background-color: rgba(0, 0, 0, 0);\"><strong><mark style=\"background-color:rgba(0, 0, 0, 0)\" class=\"has-inline-color has-ast-global-color-1-color\">Combien de temps faut-il pour remplir le questionnaire ?<\/mark><\/strong><\/mark><\/strong><\/p>\n\n\n\n<p>L&rsquo;enqu\u00eate CoCoNut est divis\u00e9e en quatre questionnaires. Si vous avez peu de temps, vous pouvez r\u00e9pondre en priorit\u00e9 au questionnaire \u00ab Conditions de vie \u00e9tudiante \u00bb, qui prend environ 20 minutes. Si vous avez plus de temps, vous pouvez remplir les trois autres questionnaires : \u00ab Poids et Sant\u00e9 \u00bb, \u00ab Comportements li\u00e9s aux d\u00e9placements \u00bb et \u00ab Durabilit\u00e9 (SHED) \u00bb, qui ne prendront chacun que 5 minutes.<\/p>\n\n\n\n<p><strong><mark style=\"background-color: rgba(0, 0, 0, 0);\"><strong><mark style=\"background-color:rgba(0, 0, 0, 0)\" class=\"has-inline-color has-ast-global-color-1-color\">Puis-je sauvegarder mes r\u00e9ponses et revenir au questionnaire plus tard ?<\/mark><\/strong><\/mark><\/strong><\/p>\n\n\n\n<p>Oui, vos r\u00e9ponses sont sauvegard\u00e9es au fur et \u00e0 mesure que vous remplissez le questionnaire. Vous pouvez quitter et revenir \u00e0 tout moment. \u00c0 la fin du questionnaire, n&rsquo;oubliez pas de cliquer sur \u00ab Bilan \u00bb puis sur \u00ab Valider mes r\u00e9ponses \u00bb. Pour v\u00e9rifier que vos r\u00e9ponses ont \u00e9t\u00e9 prises en compte, rendez-vous dans l&rsquo;onglet \u00ab Mes questionnaires \u00bb. Le statut du questionnaire doit \u00eatre \u00ab compl\u00e9t\u00e9 \u00bb et non plus \u00ab en cours \u00bb.<\/p>\n\n\n\n<p><strong><mark style=\"background-color: rgba(0, 0, 0, 0);\"><strong><mark style=\"background-color:rgba(0, 0, 0, 0)\" class=\"has-inline-color has-ast-global-color-1-color\">Pendant combien de temps les questionnaires sont-ils disponibles ?<\/mark><\/strong><\/mark><\/strong><\/p>\n\n\n\n<p>Les questionnaires sont disponibles pendant plusieurs mois. Le temps restant pour leur ach\u00e8vement est indiqu\u00e9 \u00e0 c\u00f4t\u00e9 du questionnaire sur votre compte NutriNet-Sant\u00e9. Nous vous conseillons de compl\u00e9ter les questionnaires avant la fin de votre ann\u00e9e scolaire.<\/p>\n\n\n\n<p><strong><mark style=\"background-color: rgba(0, 0, 0, 0);\"><strong><mark style=\"background-color:rgba(0, 0, 0, 0)\" class=\"has-inline-color has-ast-global-color-1-color\">Qui dois-je contacter si j&rsquo;ai des questions ou des commentaires ?<\/mark><\/strong><\/mark><\/strong><\/p>\n\n\n\n<p>Vous pouvez nous contacter par email : <a href=\"mailto:coconut@etude-nutrinet-sante.fr\" target=\"_blank\" rel=\"noreferrer noopener\">coconut@etude-nutrinet-sante.fr<\/a> ou via Instagram <a href=\"https:\/\/www.instagram.com\/etude_coconut\/\" data-type=\"link\" data-id=\"https:\/\/www.instagram.com\/etude_coconut\/\" target=\"_blank\" rel=\"noreferrer noopener\">@etude_coconut<\/a><\/p>\n\n\n\n<p><strong><mark style=\"background-color: rgba(0, 0, 0, 0);\"><strong><mark style=\"background-color:rgba(0, 0, 0, 0)\" class=\"has-inline-color has-ast-global-color-1-color\">Qu&rsquo;est-ce que NutriNet-Sant\u00e9 ?<\/mark><\/strong><\/mark><\/strong><\/p>\n\n\n\n<p>Lorsque vous vous inscrivez \u00e0 l&rsquo;\u00e9tude CoCoNut, vous devenez \u00e9galement membre de NutriNet-Sant\u00e9. Lanc\u00e9e en 2009 en France par l&rsquo;EREN (\u00c9quipe de Recherche en \u00c9pid\u00e9miologie Nutritionnelle), NutriNet-Sant\u00e9 est une \u00e9tude de cohorte bas\u00e9e sur internet (c\u2019est-\u00e0-dire un groupe de sujets suivis sur plusieurs ann\u00e9es) men\u00e9e aupr\u00e8s d&rsquo;une large population de volontaires, avec pour objectif d&rsquo;\u00e9tudier les relations entre la nutrition et la sant\u00e9. NutriNet-Sant\u00e9 regroupe plus de 180 000 participants et reste ouverte aux volontaires comme vous.<\/p>\n\n\n\n<p>L&rsquo;\u00e9tude NutriNet-Sant\u00e9 a d\u00e9j\u00e0 donn\u00e9 lieu \u00e0 plus de 250 publications scientifiques internationales, avec un fort impact en sant\u00e9 publique aux niveaux national et international sur plusieurs th\u00e9matiques telles que le Nutri-Score, les aliments ultra-transform\u00e9s, la durabilit\u00e9, les \u00e9dulcorants artificiels, etc. Si vous souhaitez continuer \u00e0 jouer un r\u00f4le dans la recherche en sant\u00e9 publique, vous pouvez trouver toutes les informations n\u00e9cessaires sur <a href=\"https:\/\/etude-nutrinet-sante.fr\/\" target=\"_blank\" rel=\"noreferrer noopener\">https:\/\/etude-nutrinet-sante.fr\/<\/a><\/p>\n\n\n\n<hr class=\"wp-block-separator has-alpha-channel-opacity\"\/>\n\n\n\n<h2 class=\"wp-block-heading\"><strong><mark style=\"background-color:rgba(0, 0, 0, 0)\" class=\"has-inline-color has-ast-global-color-1-color\">Rejoignez la communaut\u00e9<\/mark><\/strong><\/h2>\n\n\n\n<div class=\"wp-block-buttons is-layout-flex wp-block-buttons-is-layout-flex\"><\/div>\n\n\n\n<div style=\"display: flex; align-items: center; gap: 10px;\">\n  <img decoding=\"async\" width=\"50\" height=\"50\" class=\"wp-image-101\" style=\"width: 50px;\" src=\"http:\/\/yahee-project.com\/wp-content\/uploads\/2025\/01\/Image1.png\" alt=\"\">\n  <p>Connectez-vous au lien : <a href=\"https:\/\/etude-nutrinet-sante.fr\/\">https:\/\/etude-nutrinet-sante.fr\/<\/a> ou scannez le code QR<\/p>\n  <img decoding=\"async\" class=\"wp-image-7\" style=\"width: 120px; margin-left: 100px;\" src=\"http:\/\/yahee-project.com\/wp-content\/uploads\/2025\/01\/image-7.png\" alt=\"\">\n<\/div>\n\n\n\n<div style=\"display: flex; align-items: center; gap: 10px;\">\n  <img decoding=\"async\" class=\"wp-image-101\" style=\"width: 50px;\" src=\"http:\/\/yahee-project.com\/wp-content\/uploads\/2025\/01\/Image2.png\" alt=\"\">\n  <p>\n    Lors de l&rsquo;inscription, cochez la case \n    <span style=\"font-weight: bold; font-size: 1.2em; position: relative;\">\n      CoCoNut \u2013 \u00c9tudiantes et \u00e9tudiants\n      <span style=\"position: absolute; bottom: 0; left: 0; right: 0; height: 50%; background: yellow; z-index: -1;\"><\/span>\n    <\/span>\n  <\/p>\n<\/div>\n\n\n\n<div style=\"display: flex; align-items: flex-start; gap: 10px;\">\n  <img decoding=\"async\" class=\"wp-image-101\" style=\"width: 50px;\" src=\"http:\/\/yahee-project.com\/wp-content\/uploads\/2025\/01\/Image3.png\" alt=\"\">\n  <div>\n    <p>R\u00e9pondez aux questionnaires disponibles :<\/p>\n    <ul style=\"margin-top: 15px; padding-left: 20px; list-style-type: none;\">\n      <li style=\"margin-bottom: 15px; display: flex; align-items: center; gap: 10px;\">\n        <span style=\"font-size: 1.2em; font-weight: bold; color: black;\">\u25b6<\/span>\n        <p style=\"margin: 0; font-weight: bold;\">Durabilit\u00e9<\/p>\n        <img decoding=\"async\" src=\"http:\/\/yahee-project.com\/wp-content\/uploads\/2025\/01\/image-8.png\" alt=\"\" style=\"width: 20px;\">\n        <p style=\"margin: 0;\">5 min<\/p>\n      <\/li>\n      <li style=\"margin-bottom: 15px; display: flex; align-items: center; gap: 10px;\">\n        <span style=\"font-size: 1.2em; font-weight: bold; color: black;\">\u25b6<\/span>\n        <p style=\"margin: 0; font-weight: bold;\">Conditions de vie \u00e9tudiante<\/p>\n        <img decoding=\"async\" src=\"http:\/\/yahee-project.com\/wp-content\/uploads\/2025\/01\/image-8.png\" alt=\"\" style=\"width: 20px;\">\n        <p style=\"margin: 0;\">20 min<\/p>\n      <\/li>\n      <li style=\"margin-bottom: 15px; display: flex; align-items: center; gap: 10px;\">\n        <span style=\"font-size: 1.2em; font-weight: bold; color: black;\">\u25b6<\/span>\n        <p style=\"margin: 0; font-weight: bold;\">Poids et Sant\u00e9<\/p>\n        <img decoding=\"async\" src=\"http:\/\/yahee-project.com\/wp-content\/uploads\/2025\/01\/image-8.png\" alt=\"\" style=\"width: 20px;\">\n        <p style=\"margin: 0;\">5 min<\/p>\n      <\/li>\n      <li style=\"margin-bottom: 15px; display: flex; align-items: center; gap: 10px;\">\n        <span style=\"font-size: 1.2em; font-weight: bold; color: black;\">\u25b6<\/span>\n        <p style=\"margin: 0; font-weight: bold;\">Comportements li\u00e9s aux d\u00e9placements<\/p>\n        <img decoding=\"async\" src=\"http:\/\/yahee-project.com\/wp-content\/uploads\/2025\/01\/image-8.png\" alt=\"\" style=\"width: 20px;\">\n        <p style=\"margin: 0;\">5 min<\/p>\n      <\/li>\n    <\/ul>\n  <\/div>\n<\/div>\n\n\n\n<div style=\"display: flex; align-items: center; gap: 10px;\">\n  <img decoding=\"async\" class=\"wp-image-101\" style=\"width: 50px;\" src=\"http:\/\/yahee-project.com\/wp-content\/uploads\/2025\/01\/image-9.png\" alt=\"\">\n  <p>Pour remercier les \u00e9tudiants de leur participation, chaque personne qui r\u00e9pondra au questionnaire \u00ab Conditions de vie \u00e9tudiante \u00bb recevra un guide con\u00e7u par et pour les \u00e9tudiants, avec des conseils et astuces sur la nutrition et l&rsquo;activit\u00e9 physique !<\/p>\n<\/div>\n\n\n\n<div style=\"display: flex; align-items: center; gap: 10px;\">\n  <img decoding=\"async\" class=\"wp-image-101\" style=\"width: 50px;\" src=\"http:\/\/yahee-project.com\/wp-content\/uploads\/2025\/01\/Image4.png\" alt=\"\">\n  <p>Des questions ? Contactez-nous \u00e0 l&rsquo;adresse coconut@etude-nutrinet-sante.fr<\/p>\n<\/div>\n\n\n\n<div style=\"display: flex; align-items: center; gap: 10px; margin-left: -15px;\">\n  <img decoding=\"async\" class=\"wp-image-101\" style=\"width: 80px; margin: 0;\" src=\"http:\/\/yahee-project.com\/wp-content\/uploads\/2025\/01\/Image5.png\" alt=\"\">\n  <p style=\"margin: 0;\">Suivez-nous sur Instagram <a href=\"https:\/\/www.instagram.com\/etude_coconut\/\" style=\"color: #0099ff; text-decoration: none;\">@etude_coconut<\/a><\/p>\n<\/div>\n\n\n\n<hr class=\"wp-block-separator has-alpha-channel-opacity\"\/>\n\n\n\n<h2 class=\"wp-block-heading\"><\/h2>\n\n\n\n<p>Retrouvez la vid\u00e9o d&rsquo;inscription \u00e0 <mark style=\"background-color:rgba(0, 0, 0, 0)\" class=\"has-inline-color has-ast-global-color-1-color\"><strong>CoCoNut <\/strong><\/mark>\u00e9tape par \u00e9tape sur notre Instagram : <a href=\"https:\/\/www.instagram.com\/p\/DEpM_b6K6v8\/\">https:\/\/www.instagram.com\/p\/DEpM_b6K6v8\/<\/a><\/p>\n\n\n\n<div style=\"height:100px\" aria-hidden=\"true\" class=\"wp-block-spacer\"><\/div>\n\n\n\n<p><\/p>\n","protected":false},"excerpt":{"rendered":"<p>Qu&rsquo;est-ce que l&rsquo;enqu\u00eate ? CoCoNut fait partie du volet YAHEE-OBSERVE, qui vise \u00e0 collecter et \u00e0 analyser des donn\u00e9es sur [&hellip;]<\/p>\n","protected":false},"author":1,"featured_media":0,"parent":0,"menu_order":0,"comment_status":"closed","ping_status":"closed","template":"","meta":{"site-sidebar-layout":"default","site-content-layout":"","ast-site-content-layout":"","site-content-style":"default","site-sidebar-style":"default","ast-global-header-display":"","ast-banner-title-visibility":"","ast-main-header-display":"","ast-hfb-above-header-display":"","ast-hfb-below-header-display":"","ast-hfb-mobile-header-display":"","site-post-title":"disabled","ast-breadcrumbs-content":"","ast-featured-img":"","footer-sml-layout":"","theme-transparent-header-meta":"","adv-header-id-meta":"","stick-header-meta":"","header-above-stick-meta":"","header-main-stick-meta":"","header-below-stick-meta":"","astra-migrate-meta-layouts":"default","ast-page-background-enabled":"default","ast-page-background-meta":{"desktop":{"background-color":"var(--ast-global-color-5)","background-image":"","background-repeat":"repeat","background-position":"center center","background-size":"auto","background-attachment":"scroll","background-type":"","background-media":"","overlay-type":"","overlay-color":"","overlay-opacity":"","overlay-gradient":""},"tablet":{"background-color":"","background-image":"","background-repeat":"repeat","background-position":"center center","background-size":"auto","background-attachment":"scroll","background-type":"","background-media":"","overlay-type":"","overlay-color":"","overlay-opacity":"","overlay-gradient":""},"mobile":{"background-color":"","background-image":"","background-repeat":"repeat","background-position":"center center","background-size":"auto","background-attachment":"scroll","background-type":"","background-media":"","overlay-type":"","overlay-color":"","overlay-opacity":"","overlay-gradient":""}},"ast-content-background-meta":{"desktop":{"background-color":"var(--ast-global-color-4)","background-image":"","background-repeat":"repeat","background-position":"center center","background-size":"auto","background-attachment":"scroll","background-type":"","background-media":"","overlay-type":"","overlay-color":"","overlay-opacity":"","overlay-gradient":""},"tablet":{"background-color":"var(--ast-global-color-4)","background-image":"","background-repeat":"repeat","background-position":"center center","background-size":"auto","background-attachment":"scroll","background-type":"","background-media":"","overlay-type":"","overlay-color":"","overlay-opacity":"","overlay-gradient":""},"mobile":{"background-color":"var(--ast-global-color-4)","background-image":"","background-repeat":"repeat","background-position":"center center","background-size":"auto","background-attachment":"scroll","background-type":"","background-media":"","overlay-type":"","overlay-color":"","overlay-opacity":"","overlay-gradient":""}},"footnotes":""},"class_list":["post-298","page","type-page","status-publish","hentry"],"_links":{"self":[{"href":"https:\/\/yahee-project.com\/index.php\/wp-json\/wp\/v2\/pages\/298","targetHints":{"allow":["GET"]}}],"collection":[{"href":"https:\/\/yahee-project.com\/index.php\/wp-json\/wp\/v2\/pages"}],"about":[{"href":"https:\/\/yahee-project.com\/index.php\/wp-json\/wp\/v2\/types\/page"}],"author":[{"embeddable":true,"href":"https:\/\/yahee-project.com\/index.php\/wp-json\/wp\/v2\/users\/1"}],"replies":[{"embeddable":true,"href":"https:\/\/yahee-project.com\/index.php\/wp-json\/wp\/v2\/comments?post=298"}],"version-history":[{"count":9,"href":"https:\/\/yahee-project.com\/index.php\/wp-json\/wp\/v2\/pages\/298\/revisions"}],"predecessor-version":[{"id":357,"href":"https:\/\/yahee-project.com\/index.php\/wp-json\/wp\/v2\/pages\/298\/revisions\/357"}],"wp:attachment":[{"href":"https:\/\/yahee-project.com\/index.php\/wp-json\/wp\/v2\/media?parent=298"}],"curies":[{"name":"wp","href":"https:\/\/api.w.org\/{rel}","templated":true}]}}